{"id":897,"date":"2020-04-12T17:30:42","date_gmt":"2020-04-12T14:30:42","guid":{"rendered":"http:\/\/www.kizilirmakpeyzaj.com.tr\/?page_id=897"},"modified":"2020-04-21T02:07:43","modified_gmt":"2020-04-20T23:07:43","slug":"vizyonumuz","status":"publish","type":"page","link":"https:\/\/www.kizilirmakpeyzaj.com.tr\/index.php\/vizyonumuz\/","title":{"rendered":"Vizyonumuz"},"content":{"rendered":"\n<p><strong>V\u0130ZYONUMUZ<\/strong><\/p>\n\n\n\n<p>D\u00fcnyada ve\n\u00fclkemizde h\u0131zla geli\u015fen peyzaj sekt\u00f6r\u00fcne Ar &#8211; Ge \u00e7al\u0131\u015fmalar\u0131 ile katk\u0131 vermeye\ndevam edece\u011fiz. Hizmetlerimizi \u015firketimizin kurumsal kimli\u011fi ve \u00fclkemizin hedefleri\nile birlikte s\u00fcrd\u00fcrmeye kararl\u0131y\u0131z. \u00c7\u00f6z\u00fcm ortaklar\u0131m\u0131zla birlikte yenilikleri\nve de\u011fi\u015fimleri uygulama sahas\u0131nda insanlar\u0131n be\u011fenisine sunmaya, K\u00fclt\u00fcrel\netkileri \u00f6nceleyen, mimari ilkelere sad\u0131k kalan ve&nbsp; t\u00fcm canl\u0131lar i\u00e7in ya\u015fanabilir alanlar in\u015faa\netmeye devam edece\u011fiz.<\/p>\n","protected":false},"excerpt":{"rendered":"<p>V\u0130ZYONUMUZ D\u00fcnyada ve \u00fclkemizde h\u0131zla geli\u015fen peyzaj sekt\u00f6r\u00fcne Ar &#8211; Ge \u00e7al\u0131\u015fmalar\u0131 ile&hellip;<\/p>\n","protected":false},"author":1,"featured_media":0,"parent":0,"menu_order":0,"comment_status":"closed","ping_status":"closed","template":"","meta":{"footnotes":""},"class_list":["post-897","page","type-page","status-publish","hentry","no-thumb"],"_links":{"self":[{"href":"https:\/\/www.kizilirmakpeyzaj.com.tr\/index.php\/wp-json\/wp\/v2\/pages\/897","targetHints":{"allow":["GET"]}}],"collection":[{"href":"https:\/\/www.kizilirmakpeyzaj.com.tr\/index.php\/wp-json\/wp\/v2\/pages"}],"about":[{"href":"https:\/\/www.kizilirmakpeyzaj.com.tr\/index.php\/wp-json\/wp\/v2\/types\/page"}],"author":[{"embeddable":true,"href":"https:\/\/www.kizilirmakpeyzaj.com.tr\/index.php\/wp-json\/wp\/v2\/users\/1"}],"replies":[{"embeddable":true,"href":"https:\/\/www.kizilirmakpeyzaj.com.tr\/index.php\/wp-json\/wp\/v2\/comments?post=897"}],"version-history":[{"count":1,"href":"https:\/\/www.kizilirmakpeyzaj.com.tr\/index.php\/wp-json\/wp\/v2\/pages\/897\/revisions"}],"predecessor-version":[{"id":898,"href":"https:\/\/www.kizilirmakpeyzaj.com.tr\/index.php\/wp-json\/wp\/v2\/pages\/897\/revisions\/898"}],"wp:attachment":[{"href":"https:\/\/www.kizilirmakpeyzaj.com.tr\/index.php\/wp-json\/wp\/v2\/media?parent=897"}],"curies":[{"name":"wp","href":"https:\/\/api.w.org\/{rel}","templated":true}]}}