{"id":1887,"date":"2020-04-30T19:20:23","date_gmt":"2020-04-30T16:20:23","guid":{"rendered":"https:\/\/www.kizilirmakpeyzaj.com.tr\/?page_id=1887"},"modified":"2020-04-30T19:20:23","modified_gmt":"2020-04-30T16:20:23","slug":"loropetalum-chinense","status":"publish","type":"page","link":"https:\/\/www.kizilirmakpeyzaj.com.tr\/index.php\/loropetalum-chinense\/","title":{"rendered":"Loropetalum Chinense"},"content":{"rendered":"<p>[vc_row][vc_column width=&#8221;1\/4&#8243;][vc_wp_custommenu title=&#8221;D\u0131\u015f Mekan Bitkileri&#8221; nav_menu=&#8221;56&#8243;][\/vc_column][vc_column width=&#8221;3\/4&#8243;][vc_single_image image=&#8221;1888&#8243; onclick=&#8221;link_image&#8221;][vc_text_separator title=&#8221;&#8221;][vc_column_text]Yatay duru\u015flu herdemye\u015fil \u00e7al\u0131. G\u00fcne\u015fli ortamlar b\u00fcy\u00fcmeleri i\u00e7in uygun alanlard\u0131r. \u00c7ok h\u0131zl\u0131 bir b\u00fcy\u00fcme yapmamakla birlikte 2-3 metre boy yapabilirler. \u00dcst\u00fc pembeli alt\u0131 daha a\u00e7\u0131k renkli koyu ye\u015fil yapraklar\u0131 bulunmaktad\u0131r. \u0130lkbahardan yaz ortas\u0131na kadar fu\u015fya renkli kokulu \u00e7i\u00e7ekleri bulunur. Verimli topraklar b\u00fcy\u00fcmeleri i\u00e7in uygun ortamlard\u0131r.[\/vc_column_text][\/vc_column][\/vc_row]<\/p>\n","protected":false},"excerpt":{"rendered":"<p>[vc_row][vc_column width=&#8221;1\/4&#8243;][vc_wp_custommenu title=&#8221;D\u0131\u015f Mekan Bitkileri&#8221; nav_menu=&#8221;56&#8243;][\/vc_column][vc_column width=&#8221;3\/4&#8243;][vc_single_image image=&#8221;1888&#8243; onclick=&#8221;link_image&#8221;][vc_text_separator title=&#8221;&#8221;][vc_column_text]Yatay duru\u015flu herdemye\u015fil \u00e7al\u0131.&hellip;<\/p>\n","protected":false},"author":1,"featured_media":0,"parent":0,"menu_order":0,"comment_status":"closed","ping_status":"closed","template":"","meta":{"footnotes":""},"class_list":["post-1887","page","type-page","status-publish","hentry","no-thumb"],"_links":{"self":[{"href":"https:\/\/www.kizilirmakpeyzaj.com.tr\/index.php\/wp-json\/wp\/v2\/pages\/1887","targetHints":{"allow":["GET"]}}],"collection":[{"href":"https:\/\/www.kizilirmakpeyzaj.com.tr\/index.php\/wp-json\/wp\/v2\/pages"}],"about":[{"href":"https:\/\/www.kizilirmakpeyzaj.com.tr\/index.php\/wp-json\/wp\/v2\/types\/page"}],"author":[{"embeddable":true,"href":"https:\/\/www.kizilirmakpeyzaj.com.tr\/index.php\/wp-json\/wp\/v2\/users\/1"}],"replies":[{"embeddable":true,"href":"https:\/\/www.kizilirmakpeyzaj.com.tr\/index.php\/wp-json\/wp\/v2\/comments?post=1887"}],"version-history":[{"count":1,"href":"https:\/\/www.kizilirmakpeyzaj.com.tr\/index.php\/wp-json\/wp\/v2\/pages\/1887\/revisions"}],"predecessor-version":[{"id":1889,"href":"https:\/\/www.kizilirmakpeyzaj.com.tr\/index.php\/wp-json\/wp\/v2\/pages\/1887\/revisions\/1889"}],"wp:attachment":[{"href":"https:\/\/www.kizilirmakpeyzaj.com.tr\/index.php\/wp-json\/wp\/v2\/media?parent=1887"}],"curies":[{"name":"wp","href":"https:\/\/api.w.org\/{rel}","templated":true}]}}